et o(m) be the third derivative of -m**6/120 + m**5/15 + 5*m**4/24 - m**3/6 + 5*m**2 + 4*m + 9. Let q(i) = -i**2 + 7. Let z be q(0). Let a = 12 - z. Give o(a).
-1
Let h(u) be the second derivative of -1/2*u**2 - 1/3*u**3 + 0 + 3/10*u**5 - 48*u - 1/6*u**4. Let s = -8 + 7. What is h(s)?
-7
Let g = 243 - 195. Let b(m) = g*m - m**2 - 106*m - 8 + 51*m. Give b(-6).
-2
Let c = 55 - 51. Let h(x) = -c*x - 4 + 3*x + 6. Let y be -5*(0 + 1)*-1. Calculate h(y).
-3
Let n(z) be the second derivative of -z**3/6 - 2*z**2 - z - 508. Calculate n(-5).
1
Let k(o) = -o + 3. Let j be k(5). Let n(y) = -13*y + 28. Let q be 12/10*(-175)/(-35). Let u(v) = -2*v + 5. Let a(r) = q*u(r) - n(r). Calculate a(j).
0
Let d = 11249 - 11254. Let h(b) = -b**3 - 3*b**2 + 18*b + 34. What is h(d)?
-6
Let u(g) = -g**2 + 6*g - 3. Let x(b) = -4*b + 53. Let t be x(12). Suppose -24 = -5*c - t*k + 16, 32 = 5*c + 3*k. Determine u(c).
5
Suppose -1619 = 982*o + 1327. Let b(t) be the first derivative of 1/2*t**4 - 1 - 1/2*t**2 - 2*t + 4/3*t**3. Determine b(o).
-17
Let i(p) = 573*p - 570*p - 2 + 2 - 2 - 5*p**3. Determine i(2).
-36
Let z(t) = -159*t**2 - 160*t**2 - 9*t - 2 - 1 + 320*t**2. Calculate z(8).
-11
Let g(z) = -3*z**2 + 29*z + 25. Suppose v + 1721 = -9*v + 1841. Calculate g(v).
-59
Let r(d) be the second derivative of d**4/12 + d**3/2 + d**2/2 + 1191*d. Determine r(-5).
11
Let j(a) = 2*a + 26. Let y be j(-12). Let i(o) = -3 + o**3 + 8 - 5192*o - 10*o**y + 5181*o. Give i(11).
5
Let t = -1 + 3. Let o(y) = -5 + 2*y + 0*y + t. Let n(d) = 41*d**3 + d**2 + 3*d - 4. Let g be n(0). What is o(g)?
-11
Let g(f) = -12*f + 1. Let w = -76 - -187. Suppose -57 - w = 4*y + 4*p, 0 = -5*y - p - 226. Let h = 47 + y. Calculate g(h).
-11
Let g be 2 - 0 - (-2 - -2). Let t(u) = 10 - u**2 + g*u**2 - 3 + 6 - 11*u. Let s(m) = -m**3 + 8*m**2 + 22*m - 10. Let c be s(10). What is t(c)?
3
Let y(f) be the third derivative of -f**4/6 - 5*f**3 + 2407*f**2. Calculate y(-17).
38
Let c(r) be the third derivative of r**6/120 - 11*r**5/60 + 5*r**4/12 - r**3/6 - r**2 - 436*r. Let m(q) = -q**3 - 2*q**2 + 6*q + 2. Let o be m(-4). Give c(o).
-1
Let y(g) = 4*g - 17. Let q be 25/(-60)*-6*42/15. Determine y(q).
11
Let w(y) = y + 3. Suppose a + 2*a - 51 = 0. Suppose -5*d + 10*q = 7*q + 85, -d = -2*q + a. Determine w(d).
-14
Let g be 2 + (-3)/(-3) + -2. Let v(j) = j**2 + 2. Let c(s) = 9*s + 13. Let o(a) = g*c(a) - 2*v(a). What is o(7)?
-26
Let b(a) = a**2 + 3*a - 4*a**3 + 3*a**3 - 2 - 2*a. Let c be b(2). Let l(y) = -37*y - 500. Let o(r) = 6*r + 79. Let x(v) = 3*l(v) + 19*o(v). Determine x(c).
-11
Let z(d) be the third derivative of 46*d**2 + 0 - 1/2*d**3 - 1/60*d**5 + 0*d - 1/3*d**4. Determine z(-7).
4
Let j(d) = -3*d**3 + 5*d**2 + 18*d - 39. Let f be j(2). Let v(t) = -t**2 + 28*t + 246. Give v(f).
1
Let m(y) = 5*y**3 + 24*y**2 - 66*y + 37. Let q be (-4 + 2)*13/(-13). Let k(z) = z**3 + 5*z**2 - 13*z + 7. Let d(o) = q*m(o) - 11*k(o). Calculate d(-8).
-27
Let k(p) = -4*p**2 + 33*p - 11. Suppose 0 = -5*j + i + 45, 407*j - 25 = 402*j - 3*i. Give k(j).
-3
Let b(d) = d**2 + 51*d + 3. Let u be b(0). Let x(j) = -j**2 + 7*j - 20. What is x(u)?
-8
Let b(x) = -x**3 + 13*x**2 - 16. Let f = 11335 + -11322. Determine b(f).
-16
Let m(a) = -314 + 618 - 315 - 2*a. Suppose 3*g = -0*g + 12. Let s be 33/(-4) - g/(-16). Give m(s).
5
Let z(u) = u**3 - 12*u**2 - 29*u + 6. Let x be z(14). Let g be (6/x)/(-4 - (-47)/12). Let m(t) = -t**3 + 9*t**2 - t - 3. Give m(g).
-12
Let y(r) = -5*r**3 - 4*r**2 + 5*r - 5. Let s(l) = -l**2 - 9*l**2 - l**2 + 8*l - 13*l**3 - 14 + 2*l + 4*l. Let h(i) = -3*s(i) + 8*y(i). Determine h(2).
-6
Let m(t) = -t + 1. Suppose 171*s = 149*s + 308. Suppose -32*k = -30*k + s. Calculate m(k).
8
Suppose a = 11 + 1. Let p = -26 + 23. Let d be p*16/a + 10. Let j(u) = -u - 4. Give j(d).
-10
Let i(u) be the first derivative of 5*u**2/2 - 49*u - 232. Give i(11).
6
Suppose 2*r - 18*r = -64. Suppose 5*d + 2 = r*m + 4, m = -d - 5. Let u(c) = -2*c - 1. Give u(d).
3
Let p(w) = w**2 - 5*w - 7. Suppose 4*f - 678 = 7*f. Let c = f - -124. Let y = -95 - c. What is p(y)?
7
Let b(m) = -12*m - 3. Let x(p) = 78*p - 93. Let h(l) = -6*b(l) - x(l). What is h(19)?
-3
Let j(v) be the first derivative of -4/3*v**3 - v**2 + 36 + 6*v + 1/4*v**4. Suppose 20 = 25*z - 20*z. Give j(z).
-2
Let z(r) = 16*r**3 - 36*r**2 + 2*r + 83. Let v(t) = -9*t**3 + 19*t**2 - t - 49. Let d(w) = -7*v(w) - 4*z(w). Give d(9).
164
Suppose 34 + 196 = 2*f. Let l(b) = -26 + 8*b + 119*b**2 - f*b**2 - b**3 + 19. Suppose 2*a + 0 - 10 = 0. What is l(a)?
8
Let b be (((-12)/(-10))/(-3))/(102/(-510)). Let s(f) = b*f - 2*f + 560 - f - 564. What is s(7)?
-11
Let b(m) = 11*m**3 + 64*m**2 + 21*m - 61. Let g(u) = -2*u**3 - 12*u**2 - 4*u + 12. Let c(x) = 3*b(x) + 16*g(x). Let k be (2 - 0) + -2 - 0. Calculate c(k).
9
Let f = -103 - -106. Let m(s) = -20*s + 2*s + 6*s - 1 + f*s + 11*s. Let w(k) = -k**3 - 6*k**2 + 7*k + 3. Let o be w(-7). Determine m(o).
5
Let s(f) = -3*f**2 + 128*f - 80. Let u(r) = -2*r**2 + 78*r - 41. Let t(g) = 3*s(g) - 5*u(g). What is t(10)?
5
Let o = 228 + -787. Let s = -564 - o. Let z(j) = 2*j**2 + 4*j - 6. What is z(s)?
24
Let l be (2712/(-5))/(-6) - 32/80. Let n be 2*(-8)/(160/l). Let f(c) = -c - 18. Calculate f(n).
-9
Let q = -4 - 1. Let g(l) be the first derivative of -l**5/60 - 7*l**4/24 - 7*l**3/6 - 19*l**2/2 - 23. Let y(z) be the second derivative of g(z). Calculate y(q).
3
Let r(h) = -15*h**3 - 2*h - 1. Let w be (1 + 0)*(-2 - -2). Suppose 5*k + 5 = -w*g + 5*g, -g = 2*k + 5. Calculate r(g).
16
Let f(v) be the first derivative of v**4/4 + 4*v**3/3 + 5*v**2/2 - 15*v - 3213. Calculate f(-4).
-35
Let z(p) = -31*p. Suppose -3*f - 5*d - 563 = 0, -20 = 6*d - d. Let v = f + 180. Give z(v).
31
Let m(n) = -3 - 1493*n**3 + 6 + 14*n - 6*n**2 + 1491*n**3. Determine m(-4).
-21
Let b(l) = 218 - 6*l - 110 - 8*l + l**2 - 6*l - 125. What is b(21)?
4
Let v(i) = 359*i**2 + 439*i - 538*i - 21 - 362*i**2. Calculate v(-33).
-21
Suppose 0 = -0*q - q. Let w(l) be the second derivative of -l**3/6 - 15*l**2/2 + 25644*l. Calculate w(q).
-15
Let p(k) = 3*k + 15. Suppose 3*v = 8*r - 11*r + 249, v = -4*r + 320. Let l = -84 + r. Let n(q) = 2*q + 14. Let c(b) = l*p(b) + 6*n(b). What is c(6)?
-9
Let v(n) = n**2 - 2*n - 4. Let a(k) = 3*k**2 - 5*k - 12. Suppose 13*c + 0*c = -26. Let q(i) = c*a(i) + 7*v(i). Calculate q(6).
8
Let u(g) = -7 - 1 + 0*g + 3*g. Let x be (4/8)/(51/10 + -5). Let b be x/2*(-444)/(-185). Give u(b).
10
Let r(q) = -71*q**3 - 10*q - 46 - 59*q**2 + 97*q**2 + 57*q**3. Let u(w) = 5*w**3 - 13*w**2 + 3*w + 16. Let s(x) = -6*r(x) - 17*u(x). Give s(-8).
-4
Suppose -19*y + 15*y + 24 = -b, 5*b = y - 25. Let o(d) = -2*d**2 - 12*d - 26. Determine o(b).
-10
Let j(v) = -v + 12. Let k(x) = -x**3 - 10*x**2 + 10*x + 1. Let b be k(1). Suppose -2*i - 5*l + 0*l + 15 = b, 2*l = 5*i - 52. Determine j(i).
2
Let a(x) = 4*x**2 - 27*x + 4. Let h be a(7). Let f(s) = 12*s**2 - 13*s**2 + 20*s**2 + h - 10. What is f(1)?
20
Let b(v) = v**2 + 5*v + 6. Let s be -4*7/(140/25). Determine b(s).
6
Let c(q) = q**3 + 6*q**2 + 14*q - 5. Suppose -10*v + 6*v - 18 = r, 0 = -3*r + 8*v + 6. What is c(r)?
-89
Let i(j) = j**3 - j**2 - j + 8. Let b(g) = 3*g**3 - 4*g**2 - 5*g + 32. Let a(t) = -b(t) + 4*i(t). Calculate a(-1).
-2
Let t(y) be the third derivative of y**5/15 + y**4/6 - 14*y**3/3 - 113*y**2. Let z(g) = -7*g**2 - 7*g + 58. Let v(r) = 5*t(r) + 3*z(r). What is v(0)?
34
Let g(y) = -10*y**2 - y - 7. Let c(f) = -2*f**2 - 2. Let j(t) = -4*c(t) + g(t). Let m = 5 + -9. What is j(m)?
-27
Let r be 6*-1*((-21)/6 + 3). Let o be ((-3)/(-1))/(5/30). Let h(c) = o + c**2 - 19 - 3*c + 0*c**2. What is h(r)?
-1
Suppose 5*k + 0*k = r + 29, -4*r = -k + 78. Let j(t) = -t - 19. Calculate j(r).
0
Let o(j) = -2*j**2 + 2*j**2 - j**2. Let k be 9/(-24) - (-189)/56. Suppose -4*n - 2 = -6*g + g, k*g + 6 = 0. Calculate o(n).
-9
Suppose h - 118 - 72 = 20*h. Let i(j) = -j**2 - 3*j + 66. Give i(h).
-4
Let p = 483 + -468. Suppose -65 = -p*f - 155. Let h(l) = -2*l**2 - 9*l - 2. Give h(f).
-20
Let s(a) = -a**3 + 7*a**2 + 12*a + 10. Suppose 3*f - 4 = 5, 5*f + 30 = 5*p. Give s(p).
-44
Let z(v) = 6 - 6 + 3 + 0 + 2*v - 1. Suppose -3*a - a = -12. Suppose 2*m = -4*f - 7 - 9, -a*m = 4*f + 14. What is z(m)?
6
Let d(r) = r**3 - 6*r**2 + 2*r + 7. Let z = 36 - 48. Let c(j) = -3